{"id":188,"date":"2019-08-15T22:19:30","date_gmt":"2019-08-15T20:19:30","guid":{"rendered":"https:\/\/johannesheim-holzolling.de\/?page_id=188"},"modified":"2022-09-13T08:11:08","modified_gmt":"2022-09-13T06:11:08","slug":"aussenwohngruppen-2","status":"publish","type":"page","link":"https:\/\/stiftung-st-zeno.fp-server.com\/site-johannesheim-holzolling\/aussenwohngruppen-2\/","title":{"rendered":"Au\u00dfenwohngruppen"},"content":{"rendered":"<div class=\"wpb-content-wrapper\"><p>[vc_row][vc_column width=&#8220;1\/2&#8243;][vc_single_image image=&#8220;481&#8243;][\/vc_column][vc_column width=&#8220;1\/2&#8243;][vc_column_text]<\/p>\n<h1>Unsere Au\u00dfenwohngruppen<\/h1>\n<p>Wir bieten Jugendlichen, die \u00fcber ein gewisses Ma\u00df an Selbst\u00e4ndigkeit und Eigenverantwortlichkeit verf\u00fcgen die M\u00f6glichkeit, sich in einer Au\u00dfenwohngruppe zu integrieren. Der Fokus der Au\u00dfenwohngruppen liegt zumeist auf dem Erwerb einer Berufsausbildung bzw. der Berufsorientierung.<\/p>\n<p>Unsere Au\u00dfenwohngruppen im Detail:[\/vc_column_text][\/vc_column][\/vc_row][vc_row][vc_column width=&#8220;1\/2&#8243; css=&#8220;.vc_custom_1613488408203{padding-top: 30px !important;padding-right: 30px !important;padding-bottom: 30px !important;padding-left: 30px !important;background-color: #f2f2f2 !important;}&#8220;][vc_column_text]<\/p>\n<h3 style=\"text-align: center;\"><strong>Heilp\u00e4dagogische<\/strong><\/h3>\n<h3 style=\"text-align: center;\"><strong>Wohngruppen<\/strong><\/h3>\n<p style=\"text-align: center;\"><strong>Kirchseeon<\/strong><\/p>\n<p>[\/vc_column_text][vc_btn title=&#8220;mehr Infos&#8220; style=&#8220;style-button&#8220; align=&#8220;center&#8220; link=&#8220;url:https%3A%2F%2Fjohannesheim-holzolling.de%2Foverlay%2Fheilpaedagogische-awg-kirchseeon%2F|title:Heilp%C3%A4dagogische%20AWG%20Kirchseeon||&#8220;][\/vc_column][vc_column width=&#8220;1\/2&#8243; css=&#8220;.vc_custom_1613488483364{padding-top: 30px !important;padding-right: 30px !important;padding-bottom: 30px !important;padding-left: 30px !important;background-color: #f9f9f9 !important;}&#8220;][vc_column_text]<\/p>\n<h3 style=\"text-align: center;\">Therapeutische<\/h3>\n<h3 style=\"text-align: center;\">Wohngemeinschaft<\/h3>\n<p style=\"text-align: center;\">Bruckm\u00fchl<\/p>\n<p>[\/vc_column_text][vc_btn title=&#8220;mehr Infos&#8220; style=&#8220;style-button&#8220; align=&#8220;center&#8220; link=&#8220;url:https%3A%2F%2Fjohannesheim-holzolling.de%2Foverlay%2Ftherapeutische-wohngemeinschaft-twg%2F|title:Therapeutische%20Wohngemeinschaft%20TWG||&#8220;][\/vc_column][\/vc_row][vc_row][vc_column width=&#8220;1\/2&#8243; css=&#8220;.vc_custom_1613491517320{padding-top: 30px !important;padding-right: 30px !important;padding-bottom: 30px !important;padding-left: 30px !important;background-color: #f9f9f9 !important;}&#8220;][vc_column_text]<\/p>\n<h3 style=\"text-align: center;\"><strong>Betreutes<\/strong><\/h3>\n<h3 style=\"text-align: center;\"><strong>Wohnen<\/strong><\/h3>\n<p style=\"text-align: center;\"><strong>flexibel<\/strong><\/p>\n<p>[\/vc_column_text][vc_btn title=&#8220;mehr Infos&#8220; style=&#8220;style-button&#8220; align=&#8220;center&#8220; link=&#8220;url:https%3A%2F%2Fjohannesheim-holzolling.de%2Foverlay%2Fbetreutes-wohnen%2F|title:Heilp%C3%A4dagogische%20AWG%20Kirchseeon||&#8220;][\/vc_column][vc_column width=&#8220;1\/2&#8243; css=&#8220;.vc_custom_1613491511073{padding-top: 30px !important;padding-right: 30px !important;padding-bottom: 30px !important;padding-left: 30px !important;}&#8220;][vc_column_text]<\/p>\n<h3 style=\"text-align: center;\">Nach-<\/h3>\n<h3 style=\"text-align: center;\">betreuung<\/h3>\n<p style=\"text-align: center;\">flexibel<\/p>\n<p>[\/vc_column_text][vc_btn title=&#8220;mehr Infos&#8220; style=&#8220;style-button&#8220; align=&#8220;center&#8220; link=&#8220;url:https%3A%2F%2Fjohannesheim-holzolling.de%2Foverlay%2Fnachtbetreuung%2F%3Fpreview_id%3D338%26preview_nonce%3Deed1a8bc3b%26preview%3Dtrue|title:Au%C3%9Fenwohngruppe%20M%C3%BCnchen||&#8220;][\/vc_column][\/vc_row]<\/p>\n<\/div>","protected":false},"excerpt":{"rendered":"<p>[vc_row][vc_column width=&#8220;1\/2&#8243;][vc_single_image image=&#8220;481&#8243;][\/vc_column][vc_column width=&#8220;1\/2&#8243;][vc_column_text] Unsere Au\u00dfenwohngruppen Wir bieten Jugendlichen, die \u00fcber ein gewisses Ma\u00df an Selbst\u00e4ndigkeit und Eigenverantwortlichkeit verf\u00fcgen die M\u00f6glichkeit, sich in einer Au\u00dfenwohngruppe zu integrieren. Der Fokus der Au\u00dfenwohngruppen liegt zumeist auf dem Erwerb einer Berufsausbildung bzw. der Berufsorientierung. Unsere Au\u00dfenwohngruppen im Detail:[\/vc_column_text][\/vc_column][\/vc_row][vc_row][vc_column width=&#8220;1\/2&#8243; css=&#8220;.vc_custom_1613488408203{padding-top: 30px !important;padding-right: 30px !important;padding-bottom: 30px !important;padding-left: 30px !important;background-color: [&hellip;]<\/p>\n","protected":false},"author":1,"featured_media":0,"parent":0,"menu_order":10,"comment_status":"closed","ping_status":"closed","template":"","meta":{"_acf_changed":false,"footnotes":""},"acf":[],"_links":{"self":[{"href":"https:\/\/stiftung-st-zeno.fp-server.com\/site-johannesheim-holzolling\/wp-json\/wp\/v2\/pages\/188"}],"collection":[{"href":"https:\/\/stiftung-st-zeno.fp-server.com\/site-johannesheim-holzolling\/wp-json\/wp\/v2\/pages"}],"about":[{"href":"https:\/\/stiftung-st-zeno.fp-server.com\/site-johannesheim-holzolling\/wp-json\/wp\/v2\/types\/page"}],"author":[{"embeddable":true,"href":"https:\/\/stiftung-st-zeno.fp-server.com\/site-johannesheim-holzolling\/wp-json\/wp\/v2\/users\/1"}],"replies":[{"embeddable":true,"href":"https:\/\/stiftung-st-zeno.fp-server.com\/site-johannesheim-holzolling\/wp-json\/wp\/v2\/comments?post=188"}],"version-history":[{"count":16,"href":"https:\/\/stiftung-st-zeno.fp-server.com\/site-johannesheim-holzolling\/wp-json\/wp\/v2\/pages\/188\/revisions"}],"predecessor-version":[{"id":793,"href":"https:\/\/stiftung-st-zeno.fp-server.com\/site-johannesheim-holzolling\/wp-json\/wp\/v2\/pages\/188\/revisions\/793"}],"wp:attachment":[{"href":"https:\/\/stiftung-st-zeno.fp-server.com\/site-johannesheim-holzolling\/wp-json\/wp\/v2\/media?parent=188"}],"curies":[{"name":"wp","href":"https:\/\/api.w.org\/{rel}","templated":true}]}}