{"id":188,"date":"2019-08-15T22:19:30","date_gmt":"2019-08-15T20:19:30","guid":{"rendered":"https:\/\/kinderheim-schoeneaussicht.de\/?page_id=188"},"modified":"2020-07-06T11:27:41","modified_gmt":"2020-07-06T09:27:41","slug":"aktuelles","status":"publish","type":"page","link":"https:\/\/stiftung-st-zeno.fp-server.com\/site-kinderheim\/aktuelles\/","title":{"rendered":"Aktuelles und Veranstaltungen"},"content":{"rendered":"<div class=\"wpb-content-wrapper\"><p>[vc_row][vc_column][vc_column_text]<\/p>\n<h1>Aktuelles und Veranstaltungen<\/h1>\n<p>[\/vc_column_text]        <div class=\"news events\">\n                    <div class=\"teasers\">\n                  <a class=\"teaser dark\" href=\"https:\/\/stiftung-st-zeno.fp-server.com\/site-kinderheim\/termine\/so-macht-geschichtsunterricht-spass\/\" data-categories=\"events\">\n                <h3>So macht Geschichtsunterricht Spa\u00df!<\/h3>\n                      <div class=\"subline\">Termin<\/div>\n                          <hr \/>\n                          <p>Touta Nanto En - eine Gemeinschaft von sehr engagierten Menschen, die das Leben der Kelten in der der damaligen Zeit nachempfinden und h\u00f6chst anschaulich darstellen. <\/p>\n                          <div class=\"button\">Weiterlesen<\/div>\n                  <\/a>\n          <div class=\"teaser light\" data-categories=\"news\">\n                <h3>Weihnachten wird wieder ein wundersch\u00f6nes Fest im Kinderheim Sch\u00f6ne Aussicht<\/h3>\n                      <div class=\"subline\">Aktuelles<\/div>\n                          <hr \/>\n                          <p>Weihnachten wird wieder ein wundersch\u00f6nes Fest im Kinderheim Sch\u00f6ne Aussicht. Wir danken jetzt schon allen Spenderinnen und Spendern, die das m\u00f6glich machen. Wir stimmen uns ein mit den Motorradnikol\u00e4usen am 1. Advent.\r\n<\/p>\n                  <\/div>\n          <a class=\"teaser dark\" href=\"https:\/\/stiftung-st-zeno.fp-server.com\/site-kinderheim\/termine\/fahrt-der-gruppe-1-an-den-luegsteinsee\/\" data-categories=\"events\">\n                <h3>Fahrt der Gruppe 1 an den Luegsteinsee<\/h3>\n                      <div class=\"subline\">Termin<\/div>\n                          <hr \/>\n                          <p>Die Gruppe 1 f\u00e4hrt auch dieses Jahr wieder im Dezember an den Luegsteinsee, um sich auf die Weihnachtszeit einzustimmen. Datum ist von Freitag, den 08.12. bis Sonntag, den 10.12.23. Auf dem Programm stehen basteln, Lebkuchen und Pl\u00e4tzchen essen, Kinderpunsch trinken und vieles mehr. Liebe Eltern: Bitte sprechen Sie Ihre Besuche der Kinder an diesem Wochenende mit den Bezugsbetreuern ab.<\/p>\n                          <div class=\"button\">Weiterlesen<\/div>\n                  <\/a>\n              <\/div>\n        <\/div>\n      [\/vc_column][\/vc_row]<\/p>\n<\/div>","protected":false},"excerpt":{"rendered":"<p>[vc_row][vc_column][vc_column_text] Aktuelles und Veranstaltungen [\/vc_column_text][\/vc_column][\/vc_row]<\/p>\n","protected":false},"author":1,"featured_media":0,"parent":0,"menu_order":12,"comment_status":"closed","ping_status":"closed","template":"","meta":{"_acf_changed":false,"footnotes":""},"acf":[],"_links":{"self":[{"href":"https:\/\/stiftung-st-zeno.fp-server.com\/site-kinderheim\/wp-json\/wp\/v2\/pages\/188"}],"collection":[{"href":"https:\/\/stiftung-st-zeno.fp-server.com\/site-kinderheim\/wp-json\/wp\/v2\/pages"}],"about":[{"href":"https:\/\/stiftung-st-zeno.fp-server.com\/site-kinderheim\/wp-json\/wp\/v2\/types\/page"}],"author":[{"embeddable":true,"href":"https:\/\/stiftung-st-zeno.fp-server.com\/site-kinderheim\/wp-json\/wp\/v2\/users\/1"}],"replies":[{"embeddable":true,"href":"https:\/\/stiftung-st-zeno.fp-server.com\/site-kinderheim\/wp-json\/wp\/v2\/comments?post=188"}],"version-history":[{"count":9,"href":"https:\/\/stiftung-st-zeno.fp-server.com\/site-kinderheim\/wp-json\/wp\/v2\/pages\/188\/revisions"}],"predecessor-version":[{"id":607,"href":"https:\/\/stiftung-st-zeno.fp-server.com\/site-kinderheim\/wp-json\/wp\/v2\/pages\/188\/revisions\/607"}],"wp:attachment":[{"href":"https:\/\/stiftung-st-zeno.fp-server.com\/site-kinderheim\/wp-json\/wp\/v2\/media?parent=188"}],"curies":[{"name":"wp","href":"https:\/\/api.w.org\/{rel}","templated":true}]}}